 the tens digit of 72528561?
6
What is the hundred millions digit of 153877342?
1
What is the ten thousands digit of 140919558?
1
What is the tens digit of 14892744?
4
What is the thousands digit of 536942134?
2
What is the thousands digit of 335117798?
7
What is the ten thousands digit of 76690262?
9
What is the ten millions digit of 4029395020?
2
What is the tens digit of 84670197?
9
What is the millions digit of 1358194693?
8
What is the ten thousands digit of 42564844?
6
What is the hundred thousands digit of 67691111?
6
What is the hundred thousands digit of 1593323660?
3
What is the tens digit of 23124179?
7
What is the hundred millions digit of 251221436?
2
What is the ten millions digit of 178141233?
7
What is the units digit of 313380951?
1
What is the units digit of 242025448?
8
What is the ten millions digit of 288064441?
8
What is the tens digit of 1703659094?
9
What is the units digit of 695566400?
0
What is the hundreds digit of 104935209?
2
What is the tens digit of 393526014?
1
What is the units digit of 223923682?
2
What is the hundred millions digit of 7836771515?
8
What is the ten millions digit of 42056340?
4
What is the hundreds digit of 469734920?
9
What is the millions digit of 702208135?
2
What is the tens digit of 1517991273?
7
What is the thousands digit of 40916290?
6
What is the thousands digit of 305630006?
0
What is the millions digit of 684787603?
4
What is the millions digit of 2727155310?
7
What is the hundreds digit of 1198363618?
6
What is the ten thousands digit of 61883615?
8
What is the ten millions digit of 36766720?
3
What is the hundred thousands digit of 3607469006?
4
What is the ten millions digit of 31993870?
3
What is the tens digit of 69669336?
3
What is the units digit of 29064233?
3
What is the tens digit of 337739070?
7
What is the millions digit of 63012366?
3
What is the hundred thousands digit of 65208350?
2
What is the thousands digit of 431898564?
8
What is the thousands digit of 321247123?
7
What is the ten millions digit of 178211892?
7
What is the thousands digit of 353554131?
4
What is the ten thousands digit of 216065956?
6
What is the millions digit of 4030955822?
0
What is the hundred millions digit of 195121582?
1
What is the hundreds digit of 8885389?
3
What is the units digit of 929047314?
4
What is the millions digit of 133650498?
3
What is the units digit of 28107094?
4
What is the ten thousands digit of 576656615?
5
What is the units digit of 2350895476?
6
What is the ten millions digit of 1665510831?
6
What is the thousands digit of 4330367438?
7
What is the hundred thousands digit of 14571815?
5
What is the hundred millions digit of 3912524618?
9
What is the millions digit of 408848534?
8
What is the ten millions digit of 3580760411?
8
What is the ten thousands digit of 71553263?
5
What is the millions digit of 908919288?
8
What is the ten thousands digit of 1692021665?
2
What is the hundreds digit of 45650753?
7
What is the thousands digit of 69668269?
8
What is the hundred millions digit of 487783711?
4
What is the ten thousands digit of 47977981?
7
What is the thousands digit of 2297519?
7
What is the hundred thousands digit of 40414014?
4
What is the hundred thousands digit of 2777111292?
1
What is the units digit of 359621325?
5
What is the ten millions digit of 251785595?
5
What is the units digit of 573251720?
0
What is the tens digit of 17011007?
0
What is the hundred thousands digit of 30947038?
9
What is the thousands digit of 220786419?
6
What is the hundreds digit of 748461648?
6
What is the hundred millions digit of 379522284?
3
What is the hundred millions digit of 284044307?
2
What is the thousands digit of 335785317?
5
What is the billions digit of 6927332626?
6
What is the thousands digit of 35905244?
5
What is the ten millions digit of 421311077?
2
What is the hundred millions digit of 1894191031?
8
What is the ten millions digit of 4931754119?
3
What is the tens digit of 1701239167?
6
What is the millions digit of 555886410?
5
What is the billions digit of 1248075839?
1
What is the units digit of 1910632677?
7
What is the thousands digit of 20726608?
6
What is the tens digit of 4575205?
0
What is the ten millions digit of 1014154234?
1
What is the millions digit of 594612258?
4
What is the ten thousands digit of 32947383?
4
What is the tens digit of 1144664722?
2
What is the hundred thousands digit of 238431051?
4
What is the hundreds digit of 50496740?
7
What is the millions digit of 62219327?
2
What is the hundred thousands digit of 54721409?
7
What is the units digit of 310066223?
3
What is the units digit of 421286891?
1
What is the millions digit of 3657044725?
7
What is the ten millions digit of 62550270?
6
What is the units digit of 2688255540?
0
What is the ten thousands digit of 891213987?
1
What is the hundreds digit of 1928569009?
0
What is the units digit of 1260035037?
7
What is the hundred thousands digit of 64652940?
6
What is the hundred millions digit of 1784770665?
7
What is the hundreds digit of 48893233?
2
What is the ten thousands digit of 28475916?
7
What is the tens digit of 22121852?
5
What is the ten thousands digit of 73640806?
4
What is the billions digit of 2803504282?
2
What is the hundred thousands digit of 159599928?
5
What is the units digit of 53496146?
6
What is the hundred thousands digit of 849550130?
5
What is the tens digit of 327687837?
3
What is the millions digit of 704680370?
4
What is the units digit of 1762314230?
0
What is the thousands digit of 9880363?
0
What is the millions digit of 176946543?
6
What is the ten thousands digit of 1454669816?
6
What is the units digit of 378222244?
4
What is the millions digit of 36807698?
6
What is the hundred thousands digit of 1608436229?
4
What is the ten thousands digit of 1197256123?
5
What is the hundred millions digit of 3241716838?
2
What is the tens digit of 2202871995?
9
What is the tens digit of 303773082?
8
What is the hundreds digit of 218674098?
0
What is the hundreds digit of 959999484?
4
What is the hundreds digit of 252834297?
2
What is the units digit of 21268905?
5
What is the units digit of 910565305?
5
What is the ten millions digit of 23891983?
2
What is the millions digit of 107691588?
7
What is the tens digit of 437924249?
4
What is the hundred thousands digit of 475035464?
0
What is the millions digit of 1305527373?
5
What is the units digit of 90154661?
1
What is the units digit of 594718323?
3
What is the units digit of 392346639?
9
What is the ten millions digit of 153915211?
5
What is the tens digit of 330809273?
7
What is the hundred millions digit of 1542856659?
5
What is the thousands digit of 45496801?
6
What is the tens digit of 6625995469?
6
What is the tens digit of 1472418158?
5
What is the units digit of 289578127?
7
What is the units digit of 103159193?
3
What is the hundred thousands digit of 372767238?
7
What is the hundred thousands digit of 753509338?
5
What is the tens digit of 38611908?
0
What is the units digit of 662621946?
6
What is the billions digit of 6336331671?
6
What is the units digit of 76513949?
9
What is the tens digit of 4546468283?
8
What is the tens digit of 317764302?
0
What is the ten millions digit of 73726684?
7
What is the millions digit of 5747694730?
7
What is the hundred thousands digit of 347394790?
3
What is the millions digit of 140056886?
0
What is the tens digit of 3248993887?
8
What is the hundred millions digit of 126267865?
1
What is the tens digit of 218719136?
3
What is the units digit of 160737049?
9
What is the ten thousands digit of 247802839?
0
What is the ten thousands digit of 57658552?
5
What is the thousands digit of 44084298?
4
What is the units digit of 44080112?
2
What is the hundred millions digit of 129217503?
1
What is the thousands digit of 148931616?
1
What is the hundred thousands digit of 257762037?
7
What is the ten millions digit of 297924820?
9
What is the tens digit of 407646719?
1
What is the ten millions digit of 44799309?
4
What is the hundreds digit of 207044589?
5
What is the thousands digit of 2480156288?
6
What is the units digit of 1689908269?
9
What is the hundreds digit of 32417346?
3
What is the hundred thousands digit of 6089544753?
5
What is the tens digit of 